 the remainder when x is divided by u(-1).
14
Let b(m) = 2*m - 33. Let i(j) = -j + 34. Let w(h) = -4*b(h) - 5*i(h). Suppose 3*y = -49 - 5. What is the remainder when w(y) is divided by 4?
0
Suppose 4*y - 4*k - 419 = -387, 2*k - 1 = y. What is the remainder when 694 is divided by y?
14
Let v = -163 + 217. Suppose -v*b + 171 = -45*b. Calculate the remainder when 39 is divided by b.
1
Suppose -9*t = -4*t - 90. Let z(n) = 64*n**2 + 41*n - 78. What is the remainder when z(2) is divided by t?
8
Suppose -51*r = -492*r + 263020 - 39433. What is the remainder when r is divided by 3?
0
Let r = 4663 - 4430. Calculate the remainder when r is divided by 30.
23
Let n be (4 + 204/((-12)/3))*5. Let h = n + 257. Calculate the remainder when 108 is divided by h.
20
Let s = 74 + -74. Suppose 18 = q - l + 6*l, -4*l - 16 = s. Calculate the remainder when (107/(-2))/((-8)/16) is divided by q.
31
Suppose -i - 52 = f - 0*f, 104 = -2*f - 5*i. Suppose -244 = 4*p + 2*q + 50, -2*p - 132 = -2*q. Let r = f - p. Calculate the remainder when r is divided by 11.
8
Let p be -12*124/(-8) + 1. Suppose p = 3*j + 5*f, -7*f + 3*f + 182 = 3*j. What is the remainder when j is divided by 16?
6
Let k(b) = 40*b - 1. Let a be k(2). Suppose -f = -a + 7. Let q = -70 + f. What is the remainder when 13 is divided by q?
1
Suppose -5*r = -10, -59*r + 285 = 5*y - 54*r. What is the remainder when y is divided by 15?
10
Let o(b) = 2*b**3 - 6*b**2 + 5*b - 6. Let i = -662 - -250. Let x = i - -432. What is the remainder when o(5) is divided by x?
19
Let h be ((-42)/24)/(-7) + 1958/8. Let u = 278 - h. What is the remainder when 229 is divided by u?
31
Suppose -5*r = 30, 142 = j - r - 784. What is the remainder when j is divided by 27?
2
Let f(u) = -u**3 - 2*u**2 + 16*u + 13. What is the remainder when 875 is divided by f(-7)?
145
Suppose 0 = -7*s + 830 + 605. Let o = -135 + s. What is the remainder when o is divided by 25?
20
Let n be 70/105 + (50/6 - 1). Let h be n/(-4) - (-5)/(-1). Let f(d) = d**3 + 7*d**2 - 3*d + 7. Calculate the remainder when f(h) is divided by 10.
8
Let a = 11278 + -11188. Calculate the remainder when 662 is divided by a.
32
Let g(v) = 3*v**2 - 5*v + 1. Let d be g(2). Suppose d*f + q - 117 = 2*f, 0 = 5*f + 3*q - 593. What is the remainder when f is divided by 33?
22
Suppose 68*z + 14 = 70*z. Let j = -79 - -45. Calculate the remainder when 0 - (j + 3 + -1) is divided by z.
4
Suppose 0 = 35*r - 462 - 693. Let k = r + 6. Calculate the remainder when 147 is divided by k.
30
Suppose 2*o + 2*b = 140, -2*o + 4*b - 210 = -5*o. Calculate the remainder when 1187 is divided by o.
67
Let u = 5 + -3. Suppose 2*m = -u*v + 2, -5*v - 2*m - 3 = -14. Suppose 6 = 13*j - 124. What is the remainder when j is divided by v?
1
Let u(r) = 1. Let f(b) = 153*b**3 + b**2 - 2*b + 3. Let d(o) = -f(o) + 4*u(o). Calculate the remainder when d(-1) is divided by 22.
19
Suppose -41 = -4*u - 4*i - 33, -4*u = 5*i - 4. What is the remainder when 80 is divided by (4/u)/((-28)/(-924))?
14
Let v(p) = -35*p - 2937. Calculate the remainder when v(-89) is divided by 34.
8
Let j be (-4)/10 + 156/65. Calculate the remainder when j/(-42)*-2199 + (-4)/(-14) is divided by 18.
15
Suppose 120 - 192 = -24*a. Calculate the remainder when 318 is divided by a.
0
What is the remainder when 618 is divided by (122 - -2) + 50 + -39 + (-11 - 0)?
122
Suppose 12 + 20 = -4*z. Let v = 11 + z. Calculate the remainder when v + -3 + (41 - -1) is divided by 9.
6
Let i = 1126349 + -1126288. Suppose 17 = 3*r - 88. Calculate the remainder when i is divided by r.
26
Let g(q) = -q**2 - 191*q - 2000. What is the remainder when g(-13) is divided by 22?
6
Let b = 208 - 206. Suppose 3*l = -4*h + 323, -110 = 3*h - b*l - 365. What is the remainder when h is divided by 12?
11
Let t = 800 + -694. Suppose -224 = -15*y + t. Calculate the remainder when 1231 is divided by y.
21
Calculate the remainder when (3/(-10))/((-112)/560)*1410/9 is divided by 146.
89
Let h = 489 + -274. Let o = h - 122. Calculate the remainder when o is divided by 41.
11
Calculate the remainder when 380 is divided by (-8 + 450/60)/(2/(-356)).
24
Let y = 394 + -393. What is the remainder when (22/5)/((-13)/(-130)) + y is divided by 4?
1
Let o = -30 + 32. Let d(z) = z**2 - 3*z + 2. Let j be d(o). Suppose 0 = 3*x - 12, 3*x - 22 = -5*g - j*g. What is the remainder when 3 is divided by g?
1
Suppose 49 - 49 = -6*h. Suppose -217 = -2*a + 3*z, a + h*z = -2*z + 91. Calculate the remainder when a is divided by 35.
31
Calculate the remainder when 56/3 + (-6)/(-13 + -5) is divided by (-2)/(5/((-50)/4)).
4
Let z = -6 + 14. Calculate the remainder when 415910/2090 + (-1 - 2*(-1)/(-2)) is divided by z.
5
Suppose n = -7*n + 4768. Suppose 4*f + 3*u - 399 = 165, 4*f - n = 5*u. What is the remainder when f is divided by 21?
18
Let i(j) = -j**3 - 25*j**2 - 143*j - 78. What is the remainder when 152 is divided by i(-17)?
29
Let c(j) = -4*j**2 + 8*j - 2. Let s be c(3). Let q = 124 - s. Calculate the remainder when q is divided by 25.
13
Let m = -193 + 401. Suppose 8*u + m = 16*u. Calculate the remainder when u is divided by 14.
12
Let u(t) = 62*t - 1. Suppose -99*h = -104*h. Suppose 2*r + 201 - 215 = h. What is the remainder when u(1) is divided by r?
5
Let h = -2696 - -2793. What is the remainder when 562 is divided by h?
77
Let x(s) = 4*s**2 - s + 5. Let t = 4232 - 4214. What is the remainder when x(7) is divided by t?
14
Suppose -3*m + 68 = -5*p, -5*p + 82 = 5*m + 22. Calculate the remainder when 425 is divided by m.
9
Let y(t) = -t**3 - 2*t**2 + 5*t - 2. Let g be y(-4). Suppose g*w - 5*w + 50 = 0. Let u = 53 + w. Calculate the remainder when u is divided by 11.
10
Suppose 3*p - 6 = 0, 27*x - 24*x = 2*p + 275. Calculate the remainder when 16645 is divided by x.
91
What is the remainder when (-21)/3 - (6246/(-9) - -4) is divided by 84?
11
Suppose -14812 = -6*g - 14686. What is the remainder when 8440 is divided by g?
19
Suppose 58*y - 59*y = -35. Suppose -y = -g + 54. Calculate the remainder when g is divided by 16.
9
Suppose 7*j - 11*j = -48. Suppose j*q - 8*q = 20. Suppose 0 = q*p - 67 - 118. Calculate the remainder when p is divided by 10.
7
Suppose -4*b + 263*o + 75 = 260*o, -2*b + 20 = 2*o. What is the remainder when 397 is divided by b?
7
Let j(w) = 44*w + 965. What is the remainder when 90 is divided by j(-21)?
8
Let n = 43 + -35. Suppose 0 = n*w + w - 243. Calculate the remainder when 43 is divided by w.
16
Suppose 2*t + 19*w - 24*w - 200 = 0, 2*t + w = 164. Calculate the remainder when 287 is divided by t.
32
Suppose -18*a + 6*a = -1229 - 463. Calculate the remainder when 393 is divided by a.
111
Suppose g - 4*m + 10 = 0, -5*g + 0*g - 10 = -12*m. Calculate the remainder when 1389 is divided by g.
9
Let r be (10/6 + -1)/((-7)/(-84)). Suppose -n + 38 = -j, -4*n + r*n + 3*j = 152. What is the remainder when 186 is divided by n?
34
Suppose -16*s - 2835 + 3363 = 0. Calculate the remainder when 427 is divided by s.
31
Let s(z) be the third derivative of 1/60*z**5 + 0*z - 7/6*z**3 + 0 + 0*z**4 - 15*z**2. What is the remainder when s(-6) is divided by 17?
12
Suppose 10*k + 299 = 879. Calculate the remainder when k is divided by (0 + -2)/(2/(-12)).
10
Let l be (62/93)/(1/(-18)) + -1. Let i = 7 - -29. Let v = l + i. Calculate the remainder when v is divided by 13.
10
Let l(g) = g**3 - 16*g**2 + 3*g + 22. What is the remainder when l(16) is divided by (3 - -1 - 5)*-1 + 9 + -6?
2
Let h = -137 + 208. Suppose -2*f - 387 = -5*s, 3*s - f - 161 = h. Calculate the remainder when s is divided by 39.
38
Suppose -2*w - 4*c + 684 = 0, -536*w + 533*w + 3*c + 999 = 0. What is the remainder when w is divided by 29?
17
Suppose -g = 3 - 1814. Suppose -g + 530 = -3*m. What is the remainder when m is divided by 39?
37
Let v(t) = -4*t**3 + 323*t**2 + 83*t - 16. What is the remainder when 699 is divided by v(81)?
115
Let f = 255 - 235. What is the remainder when (-102)/255 - 2/(f/(-554)) is divided by 28?
27
Suppose -10*g - 465 = 425. Let l = -77 - g. Calculate the remainder when -1 - -1 - (-45)/1 is divided by l.
9
Suppose 18*r = 23*r - 215. Suppose p - z = -0*z + 20, -z = 2*p - r. Calculate the remainder when 25 is divided by p.
4
What is the remainder when 58 is divided by (15 - (-154)/(-14)) + 7?
3
Suppose 0 = -4*s - 3